en 83 is divided by v.
5
Let x = 232 + -168. What is the remainder when x is divided by 33?
31
Let h = -12 + 9. Let b be h + (2*9)/3. Suppose b*x - 3*m - 35 = x, 3*m - 25 = -4*x. Calculate the remainder when 39 is divided by x.
9
Suppose -1 - 17 = 9*g. What is the remainder when 74 is divided by 90/8 + ((-9)/4 - g)?
8
Suppose -8*y - 100 = -860. Calculate the remainder when 567 is divided by y.
92
Suppose -1038*q + 1025*q = -3809. What is the remainder when q is divided by 86?
35
Let s(j) = j**2 + 6*j + 22. What is the remainder when s(-17) is divided by 35?
34
Let a(c) = 30*c**2 + 3*c + 14. Calculate the remainder when 411 is divided by a(2).
131
Let g(w) = w**3 + 15*w**2 + 40*w - 13. Let x be g(-11). Let b be (-1 + 4)/6*12. What is the remainder when 107 is divided by (0 - -2 - b) + x?
26
Let j be (2/1)/(51/15 + -3). Suppose -40 = j*v - 10*v. What is the remainder when 2/(-8) - 85/(-4) is divided by v?
5
Suppose 90 = -4*t + 6. Suppose -38 = -2*b - 0. What is the remainder when b is divided by t/14*(-2)/2*2?
1
Let i(y) = y**2 - 15*y + 76. Calculate the remainder when 57 is divided by i(11).
25
Let z(s) = s. Let w be z(4). Suppose -5*a + 4*k = -170, 0 = w*a + k + 49 - 185. Suppose x + a = 3*x. Calculate the remainder when 65 is divided by x.
14
What is the remainder when 205 is divided by 92/(-20) + 4 + (-1491)/(-35)?
37
Let p = 1498 - 1471. What is the remainder when 484 is divided by p?
25
Let b = 2 - -1. Let k be b - 0/(-5 + 2). Suppose 5*z - 4 - 21 = 0, -k*r = -2*z - 50. What is the remainder when r is divided by 8?
4
Let x be (-172)/(-4) - (-4 + 7). Suppose -3*o = -7*o + x. Suppose 2*m = -5*c + 175, -5*c + 0*m = -5*m - 210. What is the remainder when c is divided by o?
7
Let c(l) = -l**3 + 8*l**2 - 10*l - 6. Suppose -22*o + 17*o = -30. Calculate the remainder when c(o) is divided by 6.
0
What is the remainder when ((-60)/9 - -2)/((-48)/792) is divided by 26?
25
Let z be (-3)/(3/1) + -1. What is the remainder when (-3 + 107/(-1))*10/(-25) is divided by (0 + -1 - z) + 22?
21
Let n = 237 - 397. Let w be 1/(n/158 + 1). Let f = -37 - w. What is the remainder when f is divided by 15?
12
Let a(p) = -2*p**3 - p**2 + 3*p + 4. Let w be a(-1). Suppose -w*x = f - 79, -4*f + 263 + 59 = 2*x. Calculate the remainder when f is divided by 42.
39
Suppose -1475*r - 564 = -1479*r. Calculate the remainder when 285 is divided by r.
3
Let p be 721/49 + (-2)/(-7). Suppose 4*q - q - p = 0. Let b(o) = o**2 - o + 5. What is the remainder when 72 is divided by b(q)?
22
Let z = 142 - 123. Let w(h) = 2*h + 17. What is the remainder when z is divided by w(-5)?
5
Suppose 35*n = -4*c + 36*n + 738, 0 = 3*n - 6. What is the remainder when c is divided by 39?
29
Suppose 0 = 3*f - n - 84 - 44, -3*f + 4*n = -125. What is the remainder when f is divided by 11?
10
Let r(d) = -8*d + 50. Calculate the remainder when 17 is divided by r(6).
1
Let v(k) = k - 2. Let p be v(5). Suppose -4*z = -p*z - 7. What is the remainder when 32 is divided by z?
4
Let o(k) = k**2 - 7*k - 8. Calculate the remainder when ((-12)/10)/(8/(-460)) is divided by o(9).
9
Calculate the remainder when 57 is divided by 8/(-64)*4*16 - -27.
0
Suppose 2*s + 50 = 84. Calculate the remainder when 31 is divided by s.
14
Suppose 2*w + 35 = r, -r + 2*r + 2*w = 31. What is the remainder when 131 is divided by r?
32
What is the remainder when 13 is divided by ((-42)/70)/(6/(-70))?
6
Let p = 5 - -10. Suppose -n + 25 = 4*n, p = -5*o - 4*n. Let y(f) = -f**2 - 9*f + 4. What is the remainder when 69 is divided by y(o)?
15
Suppose 2*n = -8, 5*z - n + 1 - 365 = 0. Let c = -2 + 21. What is the remainder when z is divided by c?
15
Suppose -4*j - 735 = -2395. Calculate the remainder when j is divided by 104.
103
Calculate the remainder when 23/(69/90) - 5 is divided by 15.
10
Let v(s) = s**2 - 54*s + 122. What is the remainder when v(55) is divided by 18?
15
Let j(r) = 11*r**3 - r**2 - 5*r. Calculate the remainder when j(3) is divided by 29.
12
Suppose -b = 4*k - 32, -4*k - 3*b - 3 + 27 = 0. What is the remainder when k/3 - (-118 - (-12)/3) is divided by 40?
37
Let w be (-1 - 23)*(-2)/(-4). Suppose 262 = 5*n - 108. Calculate the remainder when 8/w + n/3 is divided by 9.
6
Let x = -1121 - -1174. Calculate the remainder when x is divided by 20.
13
Let t = -19 - -1. Let c = t - -34. Suppose 0*j - 188 = -4*j. Calculate the remainder when j is divided by c.
15
Suppose 2*j - 4*g + 12 = j, 16 = 4*g. Suppose j*y = 3*l - 11 - 44, -47 = -3*l - 4*y. What is the remainder when 47 is divided by l?
13
Let p(c) = -20*c - 5. Suppose 6*n - 9 = 9*n, -3*n + 181 = 5*m. What is the remainder when p(-4) is divided by m?
37
Suppose 110 = 5*y - 16*m + 15*m, -3*m = -4*y + 77. What is the remainder when 35 is divided by y?
12
Suppose 0 = -3*u + 3*s + 31 - 418, 3 = -s. Calculate the remainder when (u/(-10))/(2/5) is divided by 9.
6
Let v(q) = 2*q**2 - 14*q - 32. Let h be v(-11). Let l = -237 + h. Calculate the remainder when l is divided by 10.
7
Let o = -891 - -939. Calculate the remainder when 134 is divided by o.
38
Let r = -3 + 15. Let o(p) = p + 10. Let c be o(-6). Suppose 25 = 3*x - 2*q, 4*q = c*x + 4 - 44. What is the remainder when r is divided by x?
2
Suppose -5*y = -0*y - 130. Let m(z) = -16*z**2. Let f be m(1). Let o = f + y. What is the remainder when o is divided by 3?
1
Suppose -66 = -6*x + 300. What is the remainder when x is divided by 21?
19
Suppose 0 = -s - 6*s. Suppose o + 40 = 3*t, -4*t = -s*t + 2*o - 40. What is the remainder when 33 is divided by t?
9
Suppose -30*z - 107 + 343 = -244. Suppose 0 = -u - 0*u + 46. Calculate the remainder when u is divided by z.
14
Let u(x) = 4*x - 40. Let b(l) = l**2 + 8*l - 7. Let t be b(-9). Suppose 0 = 5*p - t*p - 45. What is the remainder when p is divided by u(12)?
7
Suppose 83 = 13*j - 281. What is the remainder when 54 is divided by j?
26
Let d be 4/(-3)*(-108)/8. Suppose -m + d = 19. Let k(i) = -32*i + 2. What is the remainder when k(m) is divided by 12?
10
Let x(d) be the second derivative of -5*d**3/6 - d**2/2 + 6*d. Let j be x(1). What is the remainder when 8 is divided by 2 + (-9)/j*2?
3
Suppose 0 = 4*h - g - 238 - 15, 122 = 2*h + 4*g. Suppose 4*u - 52 = 4*l, -l = -17*u + 18*u - 13. What is the remainder when h is divided by u?
11
Suppose -2*z = -j - 10 - 21, 0 = 3*z + 4*j - 41. Suppose z = f + 4*f. Let p(c) = -2*c - 6. What is the remainder when p(-5) is divided by f?
1
Let m(t) = -7*t - 223. Calculate the remainder when 131 is divided by m(-35).
21
Let j = 0 + 484. Calculate the remainder when j is divided by 81.
79
Let l = -973 + 1247. Calculate the remainder when l is divided by 37.
15
Let p(d) = -d**2 + 14*d - 16. What is the remainder when 455 is divided by p(10)?
23
Suppose 4 = 4*j - 16. Let t be -2 + (-8)/(-2) + -1. What is the remainder when t*(-3 - 12/(-1)) is divided by j?
4
Suppose 0 = -3*q + 4*q - 13. What is the remainder when -5*(-3)/30*46 is divided by q?
10
Suppose 4*c + 3*n - 244 = 0, 5*c + 0*c = 5*n + 270. Suppose 3*o - 9 = -x - o, 2*o + 6 = 0. What is the remainder when c is divided by x?
16
Let n(q) = q + 12. Let o be n(-9). Let h be (-111)/(-4) + (-1)/(-4). Suppose -o*r + h = r. Calculate the remainder when r is divided by 5.
2
Let a(q) = 5*q**2 - 16*q - 4. Let v(y) = -6*y**2 + 15*y + 4. Let b(r) = 5*a(r) + 4*v(r). What is the remainder when b(22) is divided by 22?
18
Let n = 291 - 177. Calculate the remainder when n is divided by 2/((-10)/145)*(-4 - -3).
27
Suppose 18*q - 3*v - 164 = 16*q, 3*v + 85 = q. Calculate the remainder when q is divided by 16.
15
Suppose 14 = 2*g + 2*b, 39 = -g + 4*g - 3*b. Suppose -4*s + 2*n = -140, 2*s = -0*n + 3*n + 62. What is the remainder when s is divided by g?
7
Let m = 42 + -39. What is the remainder when (-219)/15*(m - 8)*1 is divided by 19?
16
Let m = -1 - -4. Suppose -24 - 27 = -m*j. Suppose 70 = 2*y - 60. Calculate the remainder when y is divided by j.
14
Let h = 49 + -38. Let t = -22 + 49. Let z = t - -2. Calculate the remainder when z is divided by h.
7
Suppose 5*b + 10 = -3*r + 36, 5*r - 3*b = -2. Suppose 5*f + 3*p - 762 = -107, -f = r*p - 131. Calculate the remainder when f is divided by 33.
32
Let x(j) = -26*j**2 - 173*j. Calculate the remainder when x(-6) is divided by 30.
12
Let p = 20 - 6. Suppose 0 = p*r - 18*r + 740. W